0. Give u(-43).
-43
Let u(s) = -13*s - 184. Determine u(-16).
24
Let w(m) = 2*m**2 - 40*m + 275. Determine w(10).
75
Let s(d) = 2*d**2 - 84*d - 135. Calculate s(44).
41
Let b(p) = -3*p**2 + 155*p - 95. Calculate b(51).
7
Let m(h) = -h**3 - 21*h**2 - 14*h + 125. What is m(-20)?
5
Let g(z) = -z**2 - 53*z - 263. Determine g(-48).
-23
Let w(r) = -7*r**3 + 12*r**2 - 20*r + 32. Give w(2).
-16
Let r(a) = 2*a**2 - 126*a + 423. Give r(60).
63
Let j(v) = -209*v - 1423. Give j(-7).
40
Let g(o) = -o**3 + 4*o**2 + 26*o - 25. Calculate g(7).
10
Let y(t) = 55*t**2 + 35*t + 34. Determine y(-1).
54
Let m(d) = 40*d - 2478. Determine m(62).
2
Let w(x) = 2*x**3 + 110*x**2 - 89*x + 1306. Determine w(-56).
18
Let r(p) = p**2 - 4*p - 310. Calculate r(-16).
10
Let m(j) = -2*j**2 - 83*j + 592. Calculate m(-48).
-32
Let y(k) = -246*k - 5652. Determine y(-23).
6
Let v(f) = 9*f**3 + 6*f - 5. Calculate v(1).
10
Let i(w) = w**3 - 53*w**2 - 3*w + 152. Give i(53).
-7
Let r(o) = o**2 - 11*o + 34. Calculate r(5).
4
Let k(w) = 72*w + 147. Calculate k(6).
579
Let n(v) = 2*v**3 + 277*v**2 + 958*v + 1755. Calculate n(-135).
0
Let z(c) = 1790*c - 71575. Give z(40).
25
Let k(q) = 2*q**2 + 614*q + 4832. Give k(-8).
48
Let j(t) = -t**2 + 314. Determine j(18).
-10
Let p(x) = -916*x + 31160. Determine p(34).
16
Let i(a) = 1260*a + 5056. What is i(-4)?
16
Let r(m) = 236*m - 120. Calculate r(2).
352
Let v(j) = -j**2 + 308*j + 24242. Determine v(-65).
-3
Let q(p) = -164*p + 783. Calculate q(5).
-37
Let d(l) = l**3 + 5*l**2 - 241*l - 13. Give d(0).
-13
Let m(u) = -u**2 - 22*u + 111. Calculate m(11).
-252
Let r(z) = -z**3 + 68*z**2 + 356*z + 691. Give r(73).
34
Let d(y) = -5*y**3 - 6*y**2 - 2*y - 6. What is d(4)?
-430
Let s(f) = f**2 + 4*f - 66. Give s(-11).
11
Let u(h) = 133*h**2 - 10*h - 6. What is u(0)?
-6
Let m(i) = -26*i**3 - 78*i**2 - 3*i - 4. What is m(-3)?
5
Let g(o) = 4*o**2 + 61*o - 54. Give g(-16).
-6
Let a(g) = 3*g**3 + 10*g**2 - 140*g - 425. What is a(-3)?
4
Let b(i) = 2*i**3 - 86*i**2 + 444*i - 13. Give b(6).
-13
Let a(f) = -3*f**3 - 5*f - 16. What is a(-4)?
196
Let s(b) = -b**3 - 7*b**2 - 5*b + 66. Determine s(-9).
273
Let s(y) = y**3 + 33*y**2 + 61*y - 46. Determine s(-31).
-15
Let g(w) = -12*w - 307. What is g(-25)?
-7
Let x(w) = -22*w + 239. Calculate x(13).
-47
Let i(d) = 69*d - 1321. Give i(19).
-10
Let q(u) = 19*u**2 - 2*u + 10. Determine q(-2).
90
Let p(f) = -7*f**3 - 5*f**2 + f + 10. Determine p(-2).
44
Let c(s) = -s**3 - 39*s**2 - 108*s - 22. Give c(-36).
-22
Let y(q) = 3*q**2 + 276*q + 2237. Determine y(-83).
-4
Let t(u) = -15200*u + 91195. What is t(6)?
-5
Let f(g) = -g**3 - 230*g**2 - 885*g + 63. Give f(-4).
-13
Let d(l) = 7*l**3 - l**2 - 6*l - 3. What is d(-2)?
-51
Let o(k) = 10*k**3 + 2*k**2 + 49*k - 105. Calculate o(2).
81
Let j(d) = 157*d - 909. Determine j(6).
33
Let j(h) = -h**3 + 10*h**2 - 11*h + 107. Calculate j(10).
-3
Let o(p) = 38*p**3 + 256*p - 255. Determine o(1).
39
Let z(s) = -729*s**2 + 4367*s + 12. Calculate z(6).
-30
Let p(y) = -y**2 - 2*y + 308. What is p(15)?
53
Let v(p) = -p**2 + 34*p - 209. Determine v(27).
-20
Let v(i) = -3*i**2 - 114*i - 802. Calculate v(-29).
-19
Let i(n) = 8*n**2 - 14*n - 19. Give i(-2).
41
Let c(y) = -69*y + 3010. What is c(44)?
-26
Let z(f) = 2*f**2 + 14*f - 196. Determine z(-13).
-40
Let g(l) = 295*l**2 + 2362*l + 25. What is g(-8)?
9
Let f(q) = 3*q**2 - 60. Determine f(4).
-12
Let w(r) = -6*r**3 - 55*r**2 + 20*r + 258. Give w(-9).
-3
Let v(y) = -174*y + 424. Determine v(6).
-620
Let u(l) = 1337*l + 5336. Calculate u(-4).
-12
Let z(t) = 5*t**2 - 27*t - 136. Determine z(9).
26
Let v(m) = 30*m**3 + 174*m**2 + 16*m + 45. What is v(-6)?
-267
Let u(c) = -32*c - 3331. Give u(-102).
-67
Let o(v) = -v**2 + 48*v - 99. Calculate o(47).
-52
Let x(l) = 112*l - 120. What is x(5)?
440
Let g(z) = z**2 - 139*z + 1879. Determine g(126).
241
Let x(c) = c**2 - 200*c - 2532. Determine x(-12).
12
Let n(o) = 702*o + 2781. Calculate n(-4).
-27
Let l(h) = 1941*h - 7764. What is l(4)?
0
Let k(i) = -2*i**2 - 71*i + 103. Give k(-34).
205
Let i(n) = -48*n - 42. Determine i(-1).
6
Let q(z) = 5*z**2 - 186*z + 30. What is q(37)?
-7
Let y(j) = -17*j**2 + 22*j + 23. Give y(2).
-1
Let p(g) = -63*g - 3820. Calculate p(-59).
-103
Let v(x) = -3*x + 29. Determine v(-8).
53
Let m(n) = 93*n - 288. Determine m(3).
-9
Let u(m) = -m**2 - 42*m + 79. Calculate u(-19).
516
Let k(x) = -754*x + 162. Determine k(2).
-1346
Let t(b) = -14*b - 107. Determine t(-18).
145
Let k(g) = 20*g + 335. Determine k(-16).
15
Let f(x) = 11*x**2 + 5*x + 3. Determine f(2).
57
Let w(z) = z**3 - 3*z**2 - 131*z + 15. What is w(13)?
2
Let v(a) = -a**2 + 13*a + 4. Calculate v(-4).
-64
Let z(j) = -j + 54. Calculate z(21).
33
Let m(i) = i**3 + 3*i**2 - 9*i - 8. Calculate m(3).
19
Let j(v) = -v**3 - 20*v**2 + 28*v + 153. What is j(-21)?
6
Let x(k) = -1117*k + 2235. Give x(2).
1
Let o(f) = 14*f - 557. Determine o(39).
-11
Let t(p) = p**3 + 101*p**2 - 6012*p + 258. Calculate t(42).
6
Let h(g) = 7345*g - 44050. Calculate h(6).
20
Let o(z) = -650*z - 1931. Determine o(-3).
19
Let c(o) = 4*o + 24. Determine c(17).
92
Let r(i) = 791*i - 12748. Give r(16).
-92
Let o(z) = 11*z + 188. Give o(-15).
23
Let n(d) = 1001*d - 39047. Calculate n(39).
-8
Let v(j) = 2*j**2 - 19*j - 18. Calculate v(-1).
3
Let p(s) = -43*s**2 + 772*s + 50. What is p(18)?
14
Let x(a) = 251*a + 466. Give x(-2).
-36
Let c(k) = 3*k**2 - 21*k + 88. Determine c(15).
448
Let f(z) = -3*z**2 - 30*z + 36. Give f(-13).
-81
Let b(d) = -d**3 + 116*d**2 + 226*d + 1161. Determine b(118).
-19
Let v(z) = -z - 255. What is v(-57)?
-198
Let p(b) = -4*b**3 + 108*b**2 + 133*b - 499. Give p(28).
89
Let h(v) = 8*v**2 - 4*v + 67. Give h(0).
67
Let v(k) = 2*k**2 + 37*k + 54. Determine v(-16).
-26
Let p(o) = -5*o**2 + 163*o + 90. What is p(33)?
24
Let h(w) = 102*w + 7259. What is h(-71)?
17
Let a(k) = -k**3 + 8*k**2 + 53*k - 35. Calculate a(12).
25
Let j(x) = 18168*x - 36351. What is j(2)?
-15
Let n(b) = -290*b**3 + 4*b**2 + 2*b - 6. Give n(1).
-290
Let h(q) = -2*q**2 + 8*q + 924. What is h(-20)?
-36
Let n(w) = -316*w + 1550. What is n(6)?
-346
Let z(d) = 432*d - 7871. What is z(18)?
-95
Let g(y) = -y**2 - 53*y + 752. Calculate g(15).
-268
Let k(v) = 278*v - 6660. Give k(24).
12
Let r(g) = -2*g**3 + 13*g**2 - 17*g + 23. Determine r(5).
13
Let p(h) = 5*h**2 - 80*h - 73. Determine p(17).
12
Let p(k) = k**3 + 12*k**2 + 4*k + 224. Give p(-13).
3
Let t(g) = 3*g**2 + 2*g - 87. Determine t(-11).
254
Let o(f) = -7*f**2 + 9*f - 4. Determine o(4).
-80
Let v(c) = -c**3 - 80*c**2 - 384*c - 679. Give v(-75).
-4
Let q(t) = 16*t - 998. Give q(62).
-6
Let z(x) = x**2 + 41*x + 238. What is z(-29)?
-110
Let y(p) = 27*p - 1164. Determine y(42).
-30
Let n(h) = -31*h + 238. Give n(16).
-258
Let d(i) = -195*i + 2194. What is d(11)?
49
Let l(u) = 3*u**2 - 230*u - 1219. Calculate l(-5).
6
Let i(d) = 151*d**2 - 4*d + 4. Calculate i(1).
151
Let d(y) = -53*y + 1079. Calculate d(21).
-34
Let x(n) = -n**3 + 7*n**2 + 132*n - 27. Give x(-9).
81
Let u(o) = 145*o - 2350. What is u(16)?
-30
Let n(v) = 120*v - 1079. Calculate n(9).
1
Let h(m) = 92*m + 274. Determine h(-3).
-2
Let i(z) = -21*z**3 - 3*z**2 - 2. Calculate i(1).
-26
Let o(t) = 54481*t + 272398. Give o(-5).
-7
Let l(f) = 103*f**3 + 3296*f**2 - 4*f - 135. What is l(-32)?
-7
Let n(r) = 30*r**2 + 1322*r + 145. What is n(-44)?
57
Let g(u) = -u**2 - 8*u + 16. Determine g(-14).
-68
Let w(k) = k**3 + 8*k**2 + 15*k + 207. Determine w(-7).
151
Let o(k) = -k**2 - 92*k - 1665. What is o(-26)?
51
Let f(k) = -k**2 + 2791*k - 16729. What is f(6)?
-19
Let d(x) = -1201*x + 66061. Calculate d(55).
6
Let z(y) = 36*y - 218. What is z(-1)?
-254
Let d(v) = v**2 - 21*v + 76. Determine d(19).
38
Let a(z) = -8*z**2 + 13*z + 29. Determine a(5).
-106
Let t(h) = h**3 - 33*h**2 + 21*h + 176. What is t(32)?
-176
Let r(x) = -2*x + 29. Give r(17).
-5
Let v(x) = -x**3 - 69*x**2 - 188*x + 659. Calculate v(-66).
-1
Let y(n) = n**2 + 10*n - 1201. Give y(-38).
-137
Let p(g) = 2*g**3 - 33*g**2 + 17*g - 23. Give p(16).
-7
Let w(n) = 2*n**2 - 192*n - 4. Calculate w(96).
-4
Let j(r) = 110*r**2 + 436*r - 32. Calculate j(-4).
-16
Let f(r) = 2*r**3 + 19*r**2 - 3*r - 72. Determine f(-9).
36
Let g(y) = 382*y + 3320. What is g(-10)?
-500
Let o(x) = -5*x**2 + 131*x + 5